407. Let m(r) = -4*r**2. Calculate m(h).
-4
Let k(f) be the second derivative of -f**3/3 - f**2 - 2*f + 38. Suppose 5*d = -2*p - 19, -d = -2*d - 5*p - 13. Give k(d).
4
Let j be 101/1616*2/15. Let s(d) be the third derivative of 0 + 1/6*d**3 - 7/60*d**5 + 0*d + 7/24*d**4 + j*d**6 + d**2. What is s(5)?
-14
Suppose -2*x = -4*l + 18, -2*l = 3*l + x - 40. Let m(d) = 2*d + 2. Give m(l).
16
Let k(m) = -m**3 - 17*m**2 - 16. Suppose -2*j - 66 = 4*h, 5*h + 8*j + 82 = 5*j. Calculate k(h).
-16
Let t(i) = i + 10. Suppose -543 = 123*m + 933. What is t(m)?
-2
Let t(g) = -g + 26. Let h be t(21). Suppose 3*r = -3*k + 24, 3*r + 30 = 4*k + h*r. Let y(i) = -i**2 + 6*i + 1. What is y(k)?
-6
Let d(k) be the third derivative of 0*k + 0 + 1/24*k**4 + 0*k**3 + 2*k**2. What is d(-9)?
-9
Let n(u) = u + 6. Let p(r) = 5. Let j(t) = n(t) + 2*p(t). Calculate j(-10).
6
Let t(h) = -h**2 - 2*h + 2. Suppose -2*c - 18 = 2*u, -2*c + u + 2 = 14. Let y(d) = d**2 + 9*d + 10. Let i be y(c). Give t(i).
-6
Let c(i) = i**3 + 5*i**2 + 4*i - 5. Let z be c(-4). Let s(o) be the second derivative of o**4/12 + o**3 - o**2/2 - 13*o. Give s(z).
-6
Let h = 36 - 22. Suppose 2*o + 0 - h = 0. Let u(k) = 2*k - 9*k + o*k + 2*k - 1. Determine u(2).
3
Let t(o) be the third derivative of 7/60*o**5 + 1/12*o**4 + 0*o - 3*o**2 + 1/6*o**3 + 0. Calculate t(-1).
6
Let x(f) = 2*f**3 + 0 - f**2 + 3 - f + 0 - f**3 + 12*f**2. What is x(-11)?
14
Let v = 20 - 13. Let a(y) be the second derivative of -y**3/6 + 7*y**2/2 + 36*y. What is a(v)?
0
Let u(z) be the first derivative of -z**3/3 + 3*z**2 - 9*z - 7. Let h be (-1)/(-3 + -2*(-17)/12). Determine u(h).
-9
Suppose -2*z - 5*a = -19, 7*a = 4*z + 3*a + 32. Let u be -1*(z + 2 + -1). Let n(r) = r**2 - r**2 - r**2 - 3*r + 2. What is n(u)?
-8
Suppose 0 + 10 = 5*i. Let c = 2 - i. Let m(d) = -6*d - 3. Let k(s) = s. Let w(u) = 5*k(u) + m(u). What is w(c)?
-3
Let t(l) = -l - 4. Let c be t(0). Let g(m) be the second derivative of m**3/6 - 3*m**2/2 - 2*m + 5. Determine g(c).
-7
Let g be (2 + 7)*2/6. Suppose -n = g*n + 96. Let o = n - -25. Let i(t) = 2*t**2 - 2*t + 1. What is i(o)?
1
Let c(s) be the first derivative of 4*s**3 + 2*s**2 - 3*s + 193. Calculate c(2).
53
Let s(x) be the second derivative of -x**3/6 + 3*x**2 + 96*x. Calculate s(-4).
10
Let c(w) = w**2 - 2*w - 4. Suppose 0 = -2*y + i - 73, -3*i - 2*i = 3*y + 77. Let h = -23 - y. Suppose 0 = -2*v + h - 5. Give c(v).
-1
Suppose -c - 15 = -0*c - 4*l, -30 = -3*c - 3*l. Let w(j) = c*j - 5 + 5*j**2 + 4*j - 12*j + 6*j + j**3. Calculate w(-4).
-1
Let t(x) = -x + 9. Let g be t(25). Let q(b) = -5*b - 84. Determine q(g).
-4
Let f(o) = o**2 + 2*o - 1. Let u(m) = -4*m - 4. Suppose 0 = q - 1 + 4. Let j be u(q). Suppose 2*z = 5*t, 4*t - j = 3*z - 1. Determine f(t).
-1
Let h(u) = -6*u**2 - 2*u - 46. Let k(w) = -6*w**2 - 2*w - 52. Let g(a) = 9*h(a) - 8*k(a). Let c be (-2 - 0) + 4/(-2). Let l be 20/(-9) - c/18. What is g(l)?
-18
Let q(c) = c**2 + 7*c + 7. Let t(n) be the second derivative of n**3/6 + n. Let g be t(-7). Give q(g).
7
Let f(r) = -r**2 + 6*r + 6. Let g(d) = -9 - 19*d - d**3 - 5*d**2 - 14*d + 0*d**2 + 30*d. Let o be g(-5). Give f(o).
6
Suppose a = 5*k - 71, k + 6 = -4*a + 37. Suppose -3*l - k = 2*u, 3*l = u + 7*l + 20. Let z(n) = n - 14. Calculate z(u).
-14
Let h(r) = -7*r - 5. Let f(j) = -4*j - 3. Let y(w) = 11*f(w) - 6*h(w). Let n be 1428/364 + (-3)/(39*-1). Give y(n).
-11
Let l(a) = 2*a**3 - a**2 - a - 1. Let j(d) = d**3 + 20*d**2 - 15*d + 15. Let t be j(-21). Let f = 110 + t. What is l(f)?
-3
Let c be (-72)/34 - (70/85)/(-7). Let h(o) = -3*o**2 + 2*o**2 + 1 + o + 2*o**2 + o**3. Calculate h(c).
-5
Let n(p) = -12*p + 14. Let w be n(2). Let y be -17*(-2)/w - 112/(-280). Let l(d) = 8*d + 4. Calculate l(y).
-20
Let g(v) = v - 2. Let i be (3 - 1 - (-2 + 2))*1. Suppose 2*k = 2*n - 24, -k = i*n + n - 20. What is g(n)?
6
Let d(m) = -10 - 11 + m**3 - 14 + 41 + 6*m**2 - 4*m - 10. Calculate d(-6).
20
Let a(c) = -c - 13. Let x(q) = -q**2 + 18. Let d(p) = 3*a(p) + 2*x(p). Give d(-4).
-23
Suppose -4*v + 4 = -3*v + 2*j, 4*j = v + 2. Let n(z) = 2*z. Let b(w) = -w. Let l(u) = 4*b(u) + 3*n(u). Give l(v).
4
Let d(x) = 7*x**3 - 5*x**2 - 9*x + 9. Let h(u) = 13*u**3 - 9*u**2 - 17*u + 17. Let n(m) = 11*d(m) - 6*h(m). Determine n(2).
-9
Let q(y) = y**3 + y**2 - y + 1. Suppose 0 = -6*j + 5*j - 2. Let n = -17 - j. Let t = -15 - n. Give q(t).
1
Let g = 77 - 67. Let i(w) be the third derivative of 0*w**3 + 1/24*w**4 + g*w**2 + 0*w**5 + 0*w - 1/12*w**6 + 0. Calculate i(-1).
9
Suppose -878*h - 27 = -869*h. Let i(f) = f**2 + 5*f + 11. Calculate i(h).
5
Let y(a) = a. Suppose 4*w - 15 = -27. Determine y(w).
-3
Let z = -1628 + 1625. Let n(g) = g**3 + 5*g**2 + 5*g + 2. What is n(z)?
5
Let j = -77 + 79. Let z(t) = -15*t**2 + 1 - 19*t**2 - 2*t + 31*t**j + 0 - t**3. Calculate z(-3).
7
Let f(j) = 63 - 29 - 35 + j**2. Determine f(1).
0
Let n(d) = d**3 + 2*d**2 - 1. Let i be -50*((-3)/(-4))/3*-4. Let h = -51 + i. Calculate n(h).
0
Let i(u) = -2*u - 2. Suppose y + 14 = -6. Let w = 25 + y. What is i(w)?
-12
Let p(d) = 2*d**3 - 4 + 5*d**3 + 15*d**3 - 30*d**3 + 3 + d**2. Let h be (0 - 2)*(-2)/(-4). Calculate p(h).
8
Let h(u) = u**2 - 4*u - 2. Let o = 60 - 44. Suppose 2*l + 2*c + 2*c - 8 = 0, 4*l = 5*c + o. What is h(l)?
-2
Let l be (-5 - -1)/(14/(-2) + 5). Let a(f) = -f**2 + 6 - f + f - 4*f + 0*f**l. Give a(-5).
1
Let n(w) = -w**3 + w**2. Suppose 72*c - 79*c + 14 = 0. What is n(c)?
-4
Let l = -86 - -95. Suppose -l*i - 64 = -i. Let f(x) = -x**2 - 10*x - 8. Determine f(i).
8
Let m(u) = -9*u - 4. Let f be m(-2). Suppose -2 = 2*a - 5*g - 0, -5*g = 5*a - 65. Let t(p) = 5*p + 1 - f*p - p + a*p. Determine t(1).
0
Let b(h) = -5. Suppose 0 = 8*c - 5*c + 21. Let o(z) = z + 16. Let p(u) = c*b(u) - 2*o(u). What is p(4)?
-5
Let z(o) = 13*o + 1. Let b(n) = 39*n + 3. Let s(l) = -2*b(l) + 7*z(l). Let c be 6*-1*4/12. Let y be -2 + c + 1 - -4. Determine s(y).
14
Let o(h) be the third derivative of -h**5/60 - 7*h**4/24 + h**3/2 + 519*h**2. What is o(-8)?
-5
Let m(x) = 3*x + 27. Let d(a) = -a - 13. Let n(b) = -9*d(b) - 4*m(b). Let g(v) = -v - 2. Let q be g(-3). Let l be 3*(-4)/(q*-2). Give n(l).
-9
Let a(z) be the third derivative of -13*z**2 - 7/60*z**5 - 1/120*z**6 + 1/6*z**3 + 1/12*z**4 + 0*z + 0. Determine a(-7).
-13
Let h(c) = -c - 1. Let a(x) = 3*x**2 + 114*x - 11. Let d be a(-38). What is h(d)?
10
Let k(l) = -25*l - 9 - 15 + 56*l + 9 - 28*l. Give k(9).
12
Let q be (1 - 5)*(-10)/8. Let w(u) = -2*u**2 - 5*u + 4. Let k(x) = -x**2 - 4*x + 3. Let f(n) = q*k(n) - 4*w(n). Let r = -10 - -9. Give f(r).
2
Let p(r) = r**2 + 6*r - 3. Suppose 2*f = -l + 15, -2*f + 13 = 2*l - 5. Let j be ((-2)/3)/(f/27). Let h be 0/j + -2 + -3. What is p(h)?
-8
Let p(v) = -4*v + 8 - 18 + 1 - 2*v**2 + 15*v. Let g be p(5). Let d(o) be the second derivative of -o**3/6 - 9*o**2/2 - o. Give d(g).
-5
Let b(n) = -5*n**2 + 16*n + 13. Let u be 5/(-15)*(-1 + -5). Suppose 11 = -u*j + 1. Let t(r) = 3*r**2 - 11*r - 9. Let v(c) = j*b(c) - 8*t(c). Give v(-5).
-8
Let y(j) be the first derivative of -25 - 2*j**2 + 2/3*j**3 - 7*j. Determine y(5).
23
Let s(j) = 2*j**2 - 8*j + 2. Let d(f) = f. Let m(a) = 3*d(a) + s(a). Suppose -11 = 2*c + 3*g - 5, 0 = 2*c + 2*g + 2. Give m(c).
5
Let i(b) be the first derivative of b**2/2 + 21. Let n = 9 - 4. Calculate i(n).
5
Let b(n) = 1 - 31*n + 33*n - 4*n**2 + 5*n**2. Let t be ((-2)/4)/(3/12). Calculate b(t).
1
Let d(x) = -3*x - 6. Let c be d(-2). Suppose 5*y - 44 + 34 = c. Let h(m) = 5*m - 3. Determine h(y).
7
Suppose 2*c + 3*v = 7 + 2, -4*c = -4*v + 32. Let k(a) = -1 + 4*a**2 - 4*a - 3*a**2 + 0*a**2. Give k(c).
20
Let m(p) be the second derivative of p**4/12 + 5*p**3/3 - 2*p**2 + 13*p. Let y(b) = -7*b + 74. Let d be y(12). Determine m(d).
-4
Let x be (-6 + 12)/(6/4). Suppose 0 = x*g - 2*k - 20, -2*g + 3 = 3*k + 1. Let d(f) = 1 + g + 5*f - 3. Give d(-3).
-13
Let n(m) = 5*m + m + 4*m + 0*m. Let x be 1/((-1)/(-4)) + -3. Determine n(x).
10
Let d(k) = -71*k + 18*k - 10 + 25*k + 27*k. Give d(8).
-18
Let d(t) be the first derivative of -t**2/2 - 7*t - 1. Let l be d(-4). Let g(q) be the third derivative of q**4/8 - q**3/6 + q**2. What is g(l)?
-10
Let f(c) = -c**3 + c**2 + 36. Let n = -1189 - -1189. Determine f(n).
36
Suppose 20 = 2*h - 4*h. Let l = 13 + h. Let s(y) = 4*y**2 - 2 + 3*y + 4 - l*